
True
Does 345 divide 69420775?
False
Is 1226145560 a multiple of 40?
True
Is 96 a factor of 6406909?
False
Is 34509354 a multiple of 593?
False
Is 345 a factor of 132155998?
False
Does 34 divide 983585966?
True
Does 22 divide 10034404?
False
Is 6 a factor of 8762400?
True
Does 237 divide 2543247?
True
Is 16 a factor of 139087873?
False
Does 303 divide 121328775?
True
Does 2392 divide 62895248?
True
Does 292 divide 44270302?
False
Does 96 divide 87998543?
False
Is 38 a factor of 74267561?
False
Does 12 divide 979217772?
True
Is 1192790270 a multiple of 1090?
True
Is 5637 a factor of 2845325549?
False
Does 10 divide 92627220?
True
Is 2645334981 a multiple of 14207?
False
Is 2265 a factor of 357593276?
False
Is 1635 a factor of 1994041?
False
Is 493 a factor of 230235176?
False
Is 66242372 a multiple of 186?
False
Is 33577902 a multiple of 57?
True
Does 25 divide 628597763?
False
Is 11 a factor of 3183400?
True
Is 12 a factor of 16526213?
False
Is 22608039 a multiple of 2959?
False
Is 145747600 a multiple of 8?
True
Does 7 divide 10316727?
False
Is 22 a factor of 876850942?
True
Is 104 a factor of 1396821504?
True
Does 694 divide 21398102?
True
Does 9 divide 19620444?
False
Is 1505 a factor of 124767310?
False
Does 26 divide 109759130?
True
Does 7476 divide 2446230794?
False
Does 18 divide 154240272?
True
Is 16 a factor of 15122566?
False
Is 4668400 a multiple of 40?
True
Is 1818 a factor of 711954512?
False
Does 616 divide 270187607?
False
Is 4 a factor of 31098902?
False
Is 1146329732 a multiple of 4?
True
Is 1373 a factor of 664407057?
True
Is 12 a factor of 31495452?
True
Does 240 divide 487272480?
True
Does 220 divide 55037091?
False
Is 18 a factor of 33301966?
False
Does 22 divide 25903262?
True
Is 183 a factor of 12895332?
False
Is 2074644 a multiple of 62?
True
Does 438 divide 1598295288?
True
Is 1957 a factor of 310442247?
False
Does 86 divide 7125280?
False
Is 32 a factor of 185714688?
True
Is 17 a factor of 33136723?
True
Does 191 divide 18310812?
False
Is 1908358 a multiple of 3?
False
Is 592133207 a multiple of 92?
False
Does 23 divide 99038115?
True
Does 9844 divide 1784272793?
False
Is 15 a factor of 944413125?
True
Is 271 a factor of 127083553?
True
Does 1867 divide 417362249?
True
Is 50852899 a multiple of 1555?
False
Does 1928 divide 35022626?
False
Is 11511487 a multiple of 559?
True
Does 33 divide 873256758?
True
Does 38 divide 1772428034?
True
Is 66 a factor of 12266748?
False
Is 16 a factor of 17920832?
True
Is 3190729486 a multiple of 29?
False
Is 125370512 a multiple of 4607?
False
Is 17500414 a multiple of 24?
False
Does 23 divide 78751379?
True
Is 5636995480 a multiple of 40?
True
Does 87 divide 432017901?
True
Does 12465 divide 4124506455?
True
Is 363 a factor of 17870853?
True
Is 1331 a factor of 42707797?
True
Is 80 a factor of 14549280?
True
Is 29 a factor of 147687662?
True
Is 35628744 a multiple of 3?
True
Does 28 divide 21795004?
True
Is 4 a factor of 666788?
True
Is 9 a factor of 10004076?
True
Is 1171 a factor of 24714174?
False
Is 21 a factor of 200442472?
False
Is 914 a factor of 2012946072?
True
Does 303 divide 1325322?
True
Does 44 divide 479808296?
True
Is 2086315630 a multiple of 302?
False
Is 1108 a factor of 35165704?
True
Is 192469362 a multiple of 36?
False
Is 34378435 a multiple of 148?
False
Is 1246273 a multiple of 2?
False
Is 19 a factor of 242240887?
False
Does 5 divide 965509340?
True
Is 20 a factor of 2385440?
True
Does 47 divide 673024302?
True
Is 3053360 a multiple of 56?
False
Is 112747255 a multiple of 124?
False
Is 1727807618 a multiple of 4312?
False
Is 9798462 a multiple of 2111?
False
Is 384891016 a multiple of 1334?
True
Does 277 divide 6951038?
True
Does 3 divide 6688311?
True
Does 21 divide 693796320?
True
Is 49629102 a multiple of 3?
True
Is 33754950 a multiple of 23?
False
Does 93 divide 3411148?
False
Does 12 divide 17256804?
True
Does 19 divide 20963954?
True
Is 15 a factor of 22358108?
False
Does 35 divide 866350?
False
Is 8 a factor of 7683419?
False
Is 4 a factor of 73870088?
True
Does 156 divide 85971132?
True
Does 1856 divide 251562240?
True
Is 1306535616 a multiple of 72?
True
Does 26 divide 53199068?
True
Does 2210 divide 13017412?
False
Is 706 a factor of 593921696?
False
Is 127539642 a multiple of 530?
False
Is 38 a factor of 347085502?
True
Is 10 a factor of 31225854?
False
Does 14 divide 572664850?
False
Is 892 a factor of 104227524?
True
Is 340 a factor of 2107320?
True
Does 63 divide 79997031?
False
Is 30 a factor of 13006231?
False
Does 39 divide 4083300?
True
Does 229 divide 9498012?
False
Is 109 a factor of 3636425?
False
Is 64 a factor of 111566184?
False
Is 3 a factor of 281473170?
True
Is 754894996 a multiple of 1775?
False
Is 297 a factor of 722601?
True
Is 18 a factor of 43631307?
False
Does 889 divide 12316206?
True
Does 599 divide 44943569?
True
Is 358091399 a multiple of 2044?
False
Does 10 divide 57176902?
False
Is 371 a factor of 295467806?
False
Does 15 divide 142215950?
False
Does 109 divide 112511868?
False
Is 688 a factor of 75192171?
False
Does 2441 divide 56867977?
True
Is 146 a factor of 66425912?
True
Does 137 divide 129375265?
True
Does 178 divide 764552293?
False
Does 10 divide 189146880?
True
Is 93 a factor of 2073821757?
False
Is 66690131 a multiple of 103?
True
Is 1290031259 a multiple of 3?
False
Is 135 a factor of 468141795?
True
Does 12 divide 104706120?
True
Is 7833585 a multiple of 70?
False
Is 485 a factor of 4665215?
True
Is 17491548 a multiple of 3?
True
Is 2079771 a multiple of 13?
False
Does 11 divide 3417066074?
False
Is 153479910 a multiple of 102?
True
Does 47 divide 168917049?
False
Is 25 a factor of 27246125?
True
Does 146 divide 410481774?
True
Is 10 a factor of 1848538710?
True
Is 3996860262 a multiple of 2161?
True
Is 113 a factor of 164518424?
False
Does 32 divide 2459481376?
True
Is 14617848 a multiple of 600?
False
Is 100155849 a multiple of 159?
True
Does 1415 divide 43114649?
False
Is 34647368 a multiple of 1249?
False
Does 954 divide 12021057?
False
Is 2016 a factor of 258108480?
True
Does 71 divide 29793850?
False
Is 2392506767 a multiple of 40?
False
Is 30 a factor of 4275314430?
True
Is 53 a factor of 2930730?
False
Is 213194852 a multiple of 169?
True
Is 110 a factor of 23780350?
True
Does 211 divide 2481993?
True
Is 23681255 a multiple of 65?
True
Does 883 divide 82042179?
True
Does 133 divide 3901077422?
False
Is 816390233 a multiple of 6176?
False
Is 36656856 a multiple of 1685?
False
Does 1815 divide 114506467?
False
Is 84917403 a multiple of 437?
True
Is 27 a factor of 248112963?
True
Is 1394 a factor of 140218278?
True
Is 2 a factor of 4487312?
True
Does 74 divide 3143770686?
False
Is 104 a factor of 9006400?
True
Is 64143969 a multiple of 575?
False
Does 18 divide 348822258?
False
Is 32 a factor of 65924336?
False
Does 21 divide 141653400?
True
Does 5 divide 162794213?
False
Is 930601859 a multiple of 46?
False
Is 775 a factor of 361107077?
False
Is 56460243 a multiple of 125?
False
Does 448 divide 1740652928?
True
Is 270559578 a multiple of 45?
False
Is 1902607672 a multiple of 52?
False
Is 71654029 a multiple of 2?
False
Is 6 a factor of 54841980?
True
Is 39486330 a multiple of 8?
False
Is 404277800 a multiple of 20?
True
Does 25 divide 45119326?
False
Is 1067554586 a multiple of 23?
False
Is 2787509 a multiple of 19?
True
Is 414034497 a multiple of 237?
True
Is 4585 a factor of 421586165?
True
Is 8 a factor of 3183439?
False
Does 94 divide 1143102694?
False
Is 9 a factor of 1738824282?
True
Is 14 a factor of 93204625?
False
Is 51633628 a multiple of 2518?
False
Is 599685862 a multiple of 37?
True
Is 145933918 a multiple of 3?
False
Does 18 divide 32161605?
False
Is 546 a factor of 1213674287?
False
Does 348 divide 18789093?
False
Is 11062710 a multiple of 32?
False
Is 137428578 a multiple of 119?
True
Is 20 a factor of 316826300?
True
Is 601 a factor of 15896554?
False
Is 1780 a factor of 8191560?
True
Is 106 a factor of 523783100?
True
Is 50 a factor of 174989650?
True
Is 776210446 a multiple of 17?
True
Does 18 divide 186445836?
True
Is 1325135006 a multiple of 442?
True
Is 3799 a factor of 28280793?
False
Is 12 a factor of 55639392?
True
Does 6 divide 12633150?
True
Is 68774490 a multiple of 6522